he third derivative of -h**5/60 + h**4/24 - h**3/6 - h**2. Determine x(j).
-7
Let z(d) = d**2 - 34*d + 293. Let w be z(16). Let i(n) = 7*n - 34. Calculate i(w).
1
Let t(c) = 9251 + 9239 - 27813 + 9265 - 5*c. Give t(-10).
-8
Let j = -112 - -167. Let h = j - 23. Let s = 29 - h. Let q(z) = z**2 - 3*z - 2. Calculate q(s).
16
Suppose -112 = 5*l - l. Suppose 0 = 4*w - 71 - 65. Let z = w + l. Let u(y) = y**3 - 6*y**2 - 3*y + 8. Determine u(z).
-10
Suppose 3*c - 5*p - 26 = 0, 0 = -4*p + 6*p + 2. Let y(g) = g**2 + 9*g - 2. Let k(u) = -4*u**2 + 5*u**2 + 3 + u - 4. Let o(r) = 2*k(r) - y(r). Determine o(c).
0
Let p(u) = 3*u**2 - 3*u - 3. Let m = -1519 + 1517. Calculate p(m).
15
Suppose 2*m = 8*m - 12. Let q(j) = -3 - 67*j + m + 44*j. Calculate q(-1).
22
Suppose -8*q + 62*q = -78*q. Let n(b) = -b**2 + 48. Give n(q).
48
Let y(t) = -4 + 709*t**3 + 718*t**3 - 2140*t**3 + 0*t**2 - 10*t + 4*t**2 + 714*t**3. Calculate y(-6).
-16
Let v(k) = k**2 + 12*k + 5. Suppose 76*h = 81*h - i + 55, 0 = 2*h + 4*i + 22. Give v(h).
-6
Let y(c) = -5*c**2 - 18*c + 30. Suppose 0 = -33*u + 8*u - 33*u - 290. Calculate y(u).
-5
Let v be (0 + 3)*-48 - -2. Let l = 156 + v. Let h(r) = r**2 - 16*r + 24. What is h(l)?
-4
Let i(g) be the first derivative of g**7/840 + g**6/40 + g**5/15 - g**4/8 + 92*g**3/3 + 26. Let a(r) be the third derivative of i(r). Give a(-8).
-3
Let p(h) be the second derivative of -h**5/60 - h**4/4 + h**3/3 + 3*h**2/2 - 3*h. Let q(m) be the first derivative of p(m). Let v = -298 + 291. Determine q(v).
-5
Let n(d) = -6*d**3 - 33*d**2 - 2*d - 65. Let l(u) = -7*u**3 - 32*u**2 - 2*u - 67. Let h(r) = -5*l(r) + 6*n(r). Determine h(-38).
21
Let k(g) = -5*g - 18. Let u be k(-4). Let x(q) = 792 - 2*q**2 + 2*q - 794 - 2*q + 0*q. Give x(u).
-10
Let x(q) = -q**3 - 7*q**2 - 10*q - 12. Let u(j) = -2*j**2 + 28*j - 32. Let n be u(13). Give x(n).
12
Suppose -3*y = -3*r - 123, -2*r - 221 = -5*y - 7. Suppose y*z = -6*z + 350. Let j(g) = g - 13. Give j(z).
-6
Let j(y) = y**2 + 32*y + 216. Let k = 3430 + -3440. Give j(k).
-4
Let i be (-578)/(-3179) + (4*(-112)/44 - -1). Let s(n) = 9*n - 3 + n**2 + n**3 + 14*n**2 - 5*n**2. What is s(i)?
-3
Let a(c) = -c**2 - 7. Suppose 8*s + 6*s = 168. Suppose 0 = 2*k + 5*b + 20, 2*k - 3*b - s = -k. Determine a(k).
-7
Let x(f) = 198*f**2 - 39 + 193*f**2 + 196*f**2 - 4*f - 778*f**2 + 192*f**2. Calculate x(8).
-7
Suppose 9*s + 371058 = 371022. Suppose 0 = -3*l - l + 8. Let v(w) = 4*w + w + w**2 - 1 + 0*w**l. Calculate v(s).
-5
Let w(o) be the third derivative of o**5/30 - 13*o**4/24 + 11*o**3/6 - 18*o**2 + 10. What is w(10)?
81
Let k(n) = n**2 - 10*n - 7. Let c = 119 + -195. Let w = -512 - -428. Let a = c - w. Determine k(a).
-23
Let v(c) be the second derivative of -5*c**3/6 + 6*c**2 + 30*c - 6. What is v(0)?
12
Let v(a) = -a**3 + 4*a**2 + 2. Suppose -3620 - 1780 = -15*b. Suppose 2*l - 368 + b = 0. What is v(l)?
2
Let y(r) = -61574*r**2 + 30784*r**2 - 32 + 17*r + 30789*r**2. Give y(18).
-50
Suppose 2*d + 481 = -127. Let o = -299 - d. Let s(m) = m**3 - 6*m**2 + 8*m - 5. Calculate s(o).
10
Suppose 0 = 4*m - 29*m + 700. Suppose 3 = g + 2*h - 4, -m = -4*g + 3*h. Let f(q) = q**3 - 6*q**2 - 4*q - 17. Calculate f(g).
4
Let j(n) = -n**3 + 187990*n - 375958*n - 8*n**2 - 3 + 187976*n. Let f = -8 - 1. Calculate j(f).
6
Let m(o) be the third derivative of o**5/60 - 7*o**4/12 - o**3/2 + 479*o**2. What is m(14)?
-3
Suppose 677 = 12*l + q, 2*l + 16*q - 13*q - 93 = 0. Let z(s) = -2*s**2 + 107*s + 400. What is z(l)?
1
Let b(t) = -t**3 + 2*t**2 - 4*t + 3. Suppose 2*g - 4*g + 21 = 3*r, -24 = -2*r + 2*g. Suppose r*z = 4*i + 4*z + 3, -18 = -5*i - z. Determine b(i).
-18
Let n(f) = 8*f + 10. Let q(a) = -7*a - 9. Let o(j) = 4*n(j) + 5*q(j). Suppose -4876 = -27*k - 4930. Give o(k).
1
Suppose -7*v - 19*v = -5*v. Let u = 8 + -6. Let s(y) = 4*y - 4 + u - 3*y + 4. Give s(v).
2
Let h(d) = -278 + 572*d - 190*d - 189*d + 284 - 192*d. Let r(s) = s**3 + 7*s**2 + 8*s + 7. Let n be r(-6). Calculate h(n).
1
Let s(c) = c**3 - 3*c**2 - c + 1. Let g(f) = f**2 - 5. Let o(k) = 2*k - 5. Let b be o(4). Let v be g(b). Calculate s(v).
13
Let r(u) = -u**2 - 1. Let n(z) = -z. Let d(m) = m - 1. Let s be d(-1). Let a be n(s). Let t(v) = -v**3 - v**2 + 4*v + 2. Let l be t(a). What is r(l)?
-5
Suppose 0 = -6*b - 7 + 19. Suppose 0 = -4*q - c + 18, 0 = -b*q - 3*c - c + 16. Let y(x) = -x + 9. Let i be y(q). Let n(f) = 3*f - 1. Calculate n(i).
14
Let i = 684 - 1387. Let o = 700 + i. Let h(p) = p**2 + 5*p + 4. Give h(o).
-2
Suppose -t - 5*v = 24, -7*t - 2*v - 51 = -2*t. Let m(r) = r**3 + 10*r**2 + 8*r - 6. Let c be m(t). Let w be 3*(2/c)/2. Let l(x) = -5*x + 1. Calculate l(w).
-4
Let a(o) = o**3 - 3*o**2 - 2*o - 6. Let p(t) = -15*t**2 + 166*t - 7. Let d be p(11). Calculate a(d).
2
Let r(p) = p**3 - 20*p**2 - p - 7. Let i(o) = 5*o**2 + 103*o + 410. Let j be i(-5). Give r(j).
-27
Let h(p) = -12*p + 623*p**2 - 4 - 1 - 624*p**2. Let m be h(-10). Let u(k) = m*k**2 - 2*k - 4*k**2 + 0*k**2 - 9*k**2. Give u(2).
4
Let f(g) = g - 21. Let s(b) = 1301*b - 2604. Let l be s(2). Give f(l).
-23
Let l = 7 - 6. Let f be (2 - l)/(2/14). Let o(x) = -x - 2*x**2 + f - 10*x - 10 + 2*x. Determine o(-6).
-21
Suppose 1 = 3*a - 4*y - 3, 3 = -2*a - 3*y. Let h(r) = -r**2 + r + 3*r - r**3 - 14 + r + r - 7*r. Determine h(a).
-14
Let w(m) be the first derivative of -7/24*m**4 + 1/60*m**5 + 6 + 0*m**2 - 13/3*m**3 + 0*m. Let b(n) be the third derivative of w(n). Calculate b(6).
5
Let f(n) = n**2 - 2*n + 6*n + 0*n**2 + 4 + n. Suppose -v - 2 + 3 = 0, 5*r - 3*v = -33. Calculate f(r).
10
Let r be -1*(-2 + 4 - 4). Suppose 6*z - z + 5*t - 5 = 0, -r*z - 5*t - 7 = 0. Let k(c) = 1754 + 1753 - 4*c - 3501. Give k(z).
-10
Let x = -345 + 335. Let p(h) = -11*h - 110. Let j be p(x). Let b(k) = -k**3 - k**2 - 12. Determine b(j).
-12
Let d(v) be the second derivative of -3*v**3/2 - 52*v**2 + 45*v. Calculate d(-11).
-5
Let q(j) = -j**3 - 4*j**2 + 4*j + 7. Let a(k) = k**3 + 4*k**2 - 4*k - 9. Let b(i) = -4*a(i) - 5*q(i). Let y be (-9)/2 - 4/8. Determine b(y).
-4
Let a(z) = -z**2 - 22*z - 44. Suppose 4*h - 154 = 9*o - 0*h, 4*o = -5*h - 82. What is a(o)?
28
Let h(r) be the third derivative of 1/120*r**6 + 0*r - 1/30*r**5 - 26*r**2 + 1/2*r**3 + 0 - 1/6*r**4. Let n be 4 + 0*(-3)/6. Calculate h(n).
19
Let t = 5 - -2. Let x(g) be the second derivative of -g**4/12 + 3*g**3/2 - 3*g**2/2 + 1903*g. Determine x(t).
11
Let w = -8 + 4. Let m(j) = -64 - 3*j - 37 + 102 + 2*j. What is m(w)?
5
Let m(b) = 5 - 2865*b**2 + 2866*b**2 + b**3 + 16. What is m(0)?
21
Let s(z) = -z**3 + 4*z**2 - z - 4. Let w be s(3). Let q be 51/(-17) - -2*w. Let a(n) = n - 6 + q + 1. Determine a(7).
3
Suppose 39 = 18*w + 10 - 25. Let d(i) be the first derivative of -16 - 3*i - 1/3*i**w - 4*i**2. What is d(-6)?
9
Suppose -102*c = -101*c + 11. Let w be (2 - 3 - -2)/(10 + c). Let o(f) = 15*f**3 + f. Calculate o(w).
-16
Suppose -5*r = -5574*i + 5576*i + 22, 4*i + 5*r + 14 = 0. Let n(q) = q**2 - 1. Let z(l) = l**3 - 8*l**2 + 4. Let x(y) = -2*n(y) - z(y). Give x(i).
30
Suppose 19*s - 28 = 5*s. Let l(v) = -21 + 4*v + 20 - 14*v**s + 15*v**2. Determine l(-5).
4
Let w(b) = b**3 - 5*b**2 - b + 1. Suppose -2*k = 3*k - 10. Suppose -4*h + 4*p = -144, -2*h - 3*p + 109 = k*h. Suppose 2*s - h = -25. Determine w(s).
-20
Let k = 5596 + -5593. Let b(r) be the first derivative of 2*r**2 + 2/3*r**k - 45 - 3*r. Give b(-5).
27
Let n(p) = -p**3 + 5*p**2 + 9*p - 53. Let c(q) = q**3 + 10*q**2 + 11*q - 47. Let o be c(-4). Calculate n(o).
-8
Let r = -36 + 26. Let n(z) be the second derivative of -z**5/20 - 3*z**4/4 + 11*z**3/6 - 6*z**2 - 13496*z. Determine n(r).
-22
Let b(p) be the third derivative of 1/60*p**5 - 1/3*p**3 + 40*p**2 - 1/8*p**4 + 0*p + 0. Give b(4).
2
Let c(i) = -i**2 + 7*i - 3. Let l be c(6). Let p be (-8)/(-3) + 5/15 - l. Suppose 0 = -5*v - p*v + 5*s + 25, -6 = 3*s. Let y(m) = -5*m - 3. Calculate y(v).
-18
Let o(r) = -5*r - 10. Let t(b) = -28*b - 57. Let c(g) = -34*o(g) + 6*t(g). Suppose y + 4*i + 11 = 0, y - 5*i - 15 = 2*y. Calculate c(y).
8
Let j(h) = -14*h + 404. Let k be j(29). Let f(w) = -22*w - 32. What is f(k)?
12
Let j(m) be the first derivative of m**4 + m + 3937. Give j(-1).
-3
Let n = 178 - 170. Let v(f) = -2*f**2 + 1 - 2*f**2 + 20*f - 2*f**2 + f**2. Let h(r) = 3*r**2 - 13*r - 1. Let m(o) = n*h(o) + 5